tens digit of d(f)?
1
Let r(p) = p + 4. What is the tens digit of r(6)?
1
Let w(u) = -u**2 + 25*u + 12. What is the units digit of w(11)?
6
Suppose -5*n + 0*n = 0. Let c(s) = 3*s**2 + 17 + s - 3 - 4*s**2. What is the units digit of c(n)?
4
Let u = -2 - -11. What is the units digit of (u/(-2))/((-1)/2)?
9
Let q(c) = -c**2 - 7*c - 2. Let w be q(-6). Suppose v + 3*s = 5*v + 1, 3*v - w*s = -6. What is the units digit of v?
2
Suppose -110 = 12*p - 17*p. What is the units digit of p?
2
Let g(y) = 2*y**2 + 13*y + 22. What is the tens digit of g(-9)?
6
Let i(o) = o**3 - 4*o**2 - 4*o + 7. Suppose -14 = -5*q - 4, 4*q - 3 = j. What is the tens digit of i(j)?
1
Suppose -2*q + 408 = 4*z, -5*z = 2*q - q - 507. Suppose 3*t + 94 = 4*p - 9, 4*p = t + z. What is the units digit of p?
5
Suppose -35 = -4*b - b. Suppose 0 = n - b. What is the units digit of n?
7
Let m be 15/(-6)*6/1. What is the units digit of (-6)/m + (-346)/(-10)?
5
Let l = -2 + 5. Suppose -t = l - 14. What is the units digit of t?
1
What is the units digit of 22/(-3)*54/(-12)?
3
Let t be -4 + 1/(-2 - -3). What is the tens digit of (t/(-1) - -1)*6?
2
Let k(o) = o - 4. Let u be k(6). Let y be 0/((u - 0)/(-1)). Suppose 3*v - 37 + 4 = y. What is the units digit of v?
1
Let i = -78 - -182. What is the hundreds digit of i?
1
Let s(j) = 14*j**3 - 3*j + 5. What is the units digit of s(2)?
1
Suppose -q = 2*a - 12, 0*a = -4*q - 5*a + 33. What is the units digit of q + (-2 + 1)*-1?
3
Suppose 8 = -2*w + 6*w. Suppose 3*i - l = 2*i + 16, 4 = -w*l. What is the units digit of i?
4
Let f(p) = 24*p**2 + 5*p + 8. What is the hundreds digit of f(-3)?
2
Suppose -9 = 3*o - 6*o. What is the tens digit of -5*(o + -7)/1?
2
Suppose -j + 4 = 1. Suppose j*t - 2*t - 6 = 0. What is the units digit of (2 + -1)/(2/t)?
3
Let y = 6 + 0. Let r = y - 4. What is the units digit of r - ((-4)/(-2) + -2)?
2
Let u(n) = 34*n - 4. What is the units digit of u(1)?
0
Let r = 30 + -46. Let b = r + 28. What is the tens digit of b?
1
Suppose 2*w + 10 = -3*m, m + w - 4 = 4*m. Let o be (m/(-5))/((-2)/10). What is the units digit of 2 + o + 5 + 1?
6
Let h be -3*(20/(-6) - -2). Suppose 0 = -2*d + h*d - 6. Suppose l - d - 6 = 0. What is the units digit of l?
9
Let h = -84 - -123. Let d = h + -11. Let s = d + -10. What is the tens digit of s?
1
Let p(n) = 45*n + 5. What is the units digit of p(1)?
0
Let n(r) = r**2 + 4*r - 3. Let m be n(-4). Let w = -3 - m. Suppose t + t - 11 = k, w = -2*t + 3*k + 13. What is the units digit of t?
5
Let c(v) = v**3 - 12*v**2 - 1. Let f be c(12). Let o be 1 + f + 0 + 2. Suppose 0 = -s - 0*i - o*i + 15, 3*i = -s + 17. What is the units digit of s?
1
Let p(m) = -2*m**3 - 3*m**2 + 2*m - 7. What is the units digit of p(-3)?
4
Let t be 12/(-20) - 14/10. Let d be (-12)/(-1)*(-10)/3. What is the units digit of 1/(t/d*2)?
0
Suppose -4*v = -3*y - 3*v + 59, -v - 101 = -5*y. What is the tens digit of y?
2
Let p be 3/30*-4*5. Let s be 0*(-1 - (2 + p)). Suppose s = 2*y - 6*y + 48. What is the units digit of y?
2
Let x(k) = k**3 + 6*k**2 - k - 2. Let n be x(-6). Suppose 0 = -m + 3*z + 5, -z + 6*z - 88 = -n*m. What is the units digit of m?
7
What is the tens digit of 3/((-3)/(-53)) - 0?
5
Let v be (-1)/(3/(-18)*2). Let a be (1 - 3) + 0 + v. Suppose 1 = j - a, 4*j = -4*q + 24. What is the units digit of q?
4
Suppose -4*m + 3 = -41. Suppose j + 3*l = -3 + 1, m = -2*j + l. Let w = 2 - j. What is the units digit of w?
7
Let d(h) = h**2 - 11*h + 16. Let u be d(8). What is the units digit of (-3)/(2 - (-20)/u)?
6
Let g be 1/1 + 1/(-1). Suppose 5 = 5*r + 2*w, -2*w - 2 = r - w. Let f = r - g. What is the units digit of f?
3
Suppose -4*u - 14 - 14 = 0. Let s = 21 + u. What is the units digit of s?
4
Let q = 66 - 18. What is the units digit of q?
8
Let z = 78 - 56. What is the tens digit of z?
2
Let c(k) = k - 2 + 2 + 4 - 3. Let x be c(3). Suppose x*a = 2 + 22. What is the units digit of a?
6
Suppose 4*h - 24 = -4*u, 3*u - 45 = 4*h + 1. What is the units digit of u?
0
Suppose 0*l + l - 59 = 0. Suppose -l - 13 = 3*q. Let p = -6 - q. What is the units digit of p?
8
Suppose -5*h = -3*g + 9, -2*g - 2*h + 46 = 3*g. Let n = g - 17. Let o = n + 14. What is the units digit of o?
5
Let a(b) = b + 13. Let y be a(-9). Let p(q) = -y - q + 4*q + 4 - 5. What is the tens digit of p(6)?
1
What is the tens digit of 216/15 - 4/10?
1
Let v = -5 - -5. Suppose -l + v*l = 0. Suppose 36 = 5*a + 4*o, 2*a + 8 = -l*a + 4*o. What is the units digit of a?
4
Let p(k) = -6*k + 7. Let m be p(-5). Suppose 0 = 5*a - 4*u - m, 40 = 5*a - 5*u. Suppose -2*b = -3*h - 4, -4*b + 52 = a*h - 0*h. What is the units digit of b?
8
Let u be (12/10)/(10/225). Suppose 5*i - u = -7. Let q = i + -3. What is the units digit of q?
1
Let y(n) = 51*n**3 + 2*n**2 - 1. Let w be y(-1). Let u = -20 - w. What is the units digit of u?
0
Let a = 108 - 41. What is the units digit of a?
7
Let a(w) = 24*w - 1. Let s = 5 - 4. What is the tens digit of a(s)?
2
Suppose 5*b - 1221 = -416. What is the tens digit of b?
6
Let n = 15 - 10. Let p = n - 3. What is the units digit of p?
2
Let h be (-38)/(-2 + 0) - -3. Suppose h + 18 = 2*o. What is the units digit of o?
0
Let c(m) = m**3 + 9*m**2 - 4*m - 12. Let s be c(-9). Let l = s - 10. What is the units digit of l?
4
Suppose -4*p - k = p - 1781, 2*k + 722 = 2*p. What is the hundreds digit of p?
3
Let t = -10 - -17. Suppose -2*g - 4*q = -34, -5*g + t + 18 = -2*q. Suppose -5*n + g = -13. What is the units digit of n?
4
Let j(b) = -3*b + 27. Let v be j(8). Suppose 0 = 3*l - 3*a - 3, -4*a = l - a - 1. Let z = l + v. What is the units digit of z?
4
Let d = 1 + -2. Let i = d + 6. Suppose 3*g = -x + 21 - 5, 0 = i*x - 5*g - 60. What is the units digit of x?
3
Let n(o) be the first derivative of o**4/4 - o**2/2 + 19*o - 1. What is the tens digit of n(0)?
1
Let g(a) = -a**2 + 9*a - 10. Let x be g(8). Let i be 0 + (2 - -1 - x). What is the units digit of (1 + 0)*5/i?
1
Let c = -8 - 0. Let z(n) = -n**3 - 6*n**2 + 10*n - 8. What is the units digit of z(c)?
0
Let v be ((-9)/(-12))/((-2)/8). What is the units digit of 0 - 24/(v*1)?
8
Let m(y) be the second derivative of y**3/6 + 5*y**2/2 - 2*y. What is the units digit of m(-2)?
3
Let w be -4 - (-1164)/(4 - 0). Suppose -82 = 5*g - w. What is the units digit of g?
1
Suppose -4*w = 14 - 162. Let t = w - 26. What is the tens digit of t?
1
Let o(s) = -s**3 - s**2 + 6. Let c = 5 + -10. Let l be 15/c - (-1 + -2). What is the units digit of o(l)?
6
Let s(t) = 12*t**2 - t - 1. What is the units digit of s(-1)?
2
Let o be (2/6)/(6/72). Let x(j) = -j**3 + 4*j**2 + 2*j + 3. What is the tens digit of x(o)?
1
Let w(i) = -i - 8. Suppose 4*h = -3*y - 35, -3*h + y = -7*h - 33. Let q be w(h). Suppose -x + 3*x - 18 = q. What is the units digit of x?
9
Let q(r) = 4*r. Let m be q(3). Suppose k = -k + m. Suppose k = -3*j + 24. What is the units digit of j?
6
Suppose 4*l = -4*x + 2*x + 26, 0 = -l - 3*x + 4. Suppose -4*r - 30 = -l*r. What is the units digit of r?
0
What is the units digit of 3/(-9) + (-518)/(-6)?
6
Let d(v) = 136*v**3 - 6*v + 6. What is the tens digit of d(1)?
3
Suppose -6*d = -d. Suppose d = 2*f - 3*f. What is the units digit of f/(-2) - (-3)/1?
3
Suppose -37 = -5*m - b - 0*b, m - b = 5. Let n(c) = c**3 - 6*c**2 - 5*c - 6. Let i be n(m). Let y = -3 + i. What is the units digit of y?
5
Let z be (-43)/(-3) - (-1)/(-3). Suppose -2*i + z = -96. Suppose -5*d + 0*d = -i. What is the tens digit of d?
1
Let d = -10 - -17. What is the units digit of d?
7
Let d be (2/1)/((-2)/11). Let t = d - -18. What is the units digit of t?
7
Let k be 69/((-2)/6*-3). Suppose 0 = -4*y + k - 21. What is the units digit of y?
2
Let v(h) = h - 10. Let x be v(7). Let i(c) = 2*c - 4*c - 4 + 3. What is the units digit of i(x)?
5
Suppose 13 - 57 = 4*t. Let l = -5 - t. What is the units digit of l?
6
Suppose -a + 2*a = 0. Suppose s = -a*s + 40. What is the units digit of s?
0
Suppose 4*g = i + 398, -2*g - 2*i + 392 = 2*g. What is the units digit of g?
9
Let t(z) be the first derivative of 1/2*z**2 + 0*z - 3 + 0*z**3 - 5/4*z**4. What is the units digit of t(-1)?
4
Suppose 0 = 5*k - 25, -5*c + 3*k = -2 + 22. Suppose -b - 4*a = 11, 2*a = 2*b + 3*a + 8. What is the units digit of c - -10 - b - 0?
2
Let n be 84/10 + 24/40. Suppose 4*o - n*o = -130. What is the un